 -3 + 7 - (-36 + 39))?
-4
What is 15 - (1 + 8 + 14)?
-8
What is -17 + 56 + -13 + 3 - (8 + 0)?
21
What is the value of -9 + 23 + (-3 - 0) - 12?
-1
-2 - (-7 - (1 + (4 - 0)))
10
Calculate (-22 - -5) + 4 + 0.
-13
What is 2 + -4 + (-1 - (-13 - 0))?
10
What is the value of -111 + 101 - (-46 - (-1 + -4))?
31
Calculate -17 + -33 + 27 + -1.
-24
What is the value of 5 + -10 + 6 + -7 + -2?
-8
-17 - (-6 - -10) - (-11 - (-6 - 1))
-17
Evaluate 89 - 91 - (1 - 8) - 9.
-4
What is 7 + (-9 - -9 - -2 - 0 - 20)?
-11
What is (0 - -3) + (-25 - -20 - 10)?
-12
Evaluate 7 - (9 - ((3 - 0) + 13 + -13)).
1
24 - (-25 - (-36 + 2))
15
What is -20 - ((-11 - (-3 - 10)) + (-7 - -1))?
-16
Calculate (-46 - (-3 - 26)) + 0.
-17
Evaluate (38 + -43 - -1) + 18.
14
Evaluate (-34 - -39) + -28 - -59.
36
Calculate -2 - -11 - (3 - -15).
-9
What is -18 + (12 - -3) + 24?
21
What is -23 + (33 + -76 - -37 - (-2 - 1))?
-26
(-1 - 5) + -30 - -53
17
-16 + (-53 - -22 - -46)
-1
What is (-18 + 34 - 2) + 0?
14
-8 + -9 + (-6 - -16 - 2)
-9
Calculate -1 + (3 - 9) + (-5 - -14).
2
-268 + 286 + (0 - 13)
5
Calculate 3 - (6 + -6 + 12) - -11.
2
Evaluate 1 - (-2 + 5) - (92 - 88).
-6
Calculate (-4 - 4) + 4 + (1 - -2) + 12.
11
Evaluate 8 - (49 + -15 + -15).
-11
What is the value of 9 + 11 + (3 - 26)?
-3
What is the value of 2 + -6 + 25 - 39?
-18
What is (2 + 1 - 2) + -1 + -1 - 4?
-5
-16 - (-24 - -15 - (-7 - -3))
-11
Evaluate 34 + -21 + (-2 - 4) + -3.
4
What is the value of -2 + 17 - (-3 + (6 - -2))?
10
What is -7 + (9 + -14 - -4) - (0 - -2)?
-10
Calculate -26 + -55 + 68 + -24.
-37
What is the value of -20 + 2 + -35 + 46?
-7
What is 6 + 3 - (-22 - -35)?
-4
1 - ((19 - 7) + -4 + (-5 - -13))
-15
Evaluate -14 + (25 - (-17 - -30)).
-2
What is -1 + (10 - (10 + 4 - 6)) + 29?
30
(7 - 1) + (-10 - (39 + -33))
-10
What is the value of (11 + 1 - 4 - 3) + -1?
4
What is (1 + -39 - -18) + 19?
-1
12 + (-23 - 4 - -16)
1
Calculate -1 + 17 + (-10 - (-10 - (-3 + -3))).
10
What is the value of -13 + -3 - (-32 - (0 + -20))?
-4
-1 + -1 + 0 + (8 - 17) + 8
-3
What is -6 - -7 - (64 - 68)?
5
Calculate 1 - 28 - (-1500 - -1509).
-36
Evaluate (-29 - -47) + -25 + (0 - 10).
-17
What is the value of 0 - (2 - (0 - -11 - 7))?
2
What is 4 + (3 - 3 - -5 - -1) + 2?
12
What is the value of 14 + (-8 - 32) - (0 - 7)?
-19
Evaluate -219 + 223 + 2 + 6 + 0.
12
Evaluate -14 + 0 + 0 + 61 + -55.
-8
What is the value of -9 - (-31 - (-6 + -12 + 13))?
17
What is the value of -6 - (-7 - (-10 - -9)) - -7 - -14?
21
What is -22 + (-31 - (-99 + 34))?
12
What is -1 - -9 - (-38 + 32)?
14
What is -16 + -4 + -10 + (15 - -5)?
-10
Evaluate (25 - 24) + 12 + 2.
15
Calculate (8 - (2 + -13 + -1 + 2)) + 2.
20
What is -2 - (30 - 13) - 21?
-40
Evaluate 4 + -23 + (-4 - -2) - (-4 - 1).
-16
-3 + 3 + (9 - (9 - -9)) + -1
-10
What is -3 + -6 + (-31 - -41)?
1
Calculate 7 - ((-11 - (-17 + 7)) + (-3 - 11)).
22
Calculate (26 - -8 - 17) + -8.
9
What is the value of (-14 + (-8 - -11) - -16) + (1 - -6)?
12
What is -22 - -29 - ((0 - -2) + -4 + -3)?
12
-5 - (12 + -15) - (-19 - -4)
13
9 - (-7 + 11 + 0 + -1 + -3)
9
What is (2 + 12 - 8 - (1 - -10)) + -6?
-11
Evaluate -1 + -1 + (-106 - -112).
4
What is (-27 - -8) + 52 - 21?
12
Evaluate (1 - 3) + (-11 - 6) + 16.
-3
What is (-5 - -4) + -13 - (67 - 58)?
-23
Evaluate (4 - 1) + 415 + -443 + (-7 - 1).
-33
Evaluate -1 + (3 - (11 + -4)) - -1.
-4
What is the value of (-17 - -27 - 4) + -4?
2
Calculate -4 + -11 + (3 - -8).
-4
Evaluate -8 - (-12 + -2 - 0).
6
What is the value of -1 + (-20 + -10 + 31 - (-7 - 1))?
8
Calculate -8 - -4 - (-46 - -35).
7
Evaluate (-4 - -4 - 8) + (-16 - -17) + 18.
11
What is 7 + (36 - -1) + -28 + (1 - -9)?
26
What is the value of (-6 - (-14 + 2)) + (-2 - (-5 + -2))?
11
-1 + -10 + (58 + -38 - (15 - 8))
2
What is the value of -13 + 13 + 38 + -21?
17
Calculate -11 - ((8 - 8 - 3) + -3).
-5
Calculate (-25 - -12 - 20) + 1.
-32
Evaluate 9 + (-21 + 5 - 3).
-10
38 - 79 - 22 - -40
-23
-30 + (-11 - -39) - -17
15
Evaluate -25 - 2 - ((7 - 9) + 10 - 13).
-22
-10 + (0 - -6) + (-101 - -96)
-9
What is -1 + 3 + (45 - 36 - 48) + 7?
-30
What is 9 - (9 - (-26 + 5) - 8)?
-13
Calculate 5 - (4 + -2 + 1 + 1) - 3.
-2
Calculate 15 - (-19 + 20 + 5 - -4).
5
Calculate 7 - 12 - (-3 + 2 - 0) - 2.
-6
What is the value of -18 + -5 - (-11 + 4) - (-4 - -1)?
-13
Calculate (-1 - (0 + 1)) + -22 + (16 - -14).
6
What is (3 - -1) + (-8 - (-6 - -3 - 2))?
1
What is 4 + 3 + 9 + -9 - (2 + -1)?
6
Calculate (-12 - (-20 - 7)) + -1 + 3.
17
What is the value of 1090 + -1078 - (-1 - 14)?
27
What is 1 + 29 - 24 - (1 - -12)?
-7
What is 8 + (9 - 14) - 21 - -6?
-12
What is (-12 - -13) + 5 + -8?
-2
-3 + -9 - 2 - -23
9
What is 17 - (2 - (-6 + 6 + 8) - -5)?
18
Evaluate 20 + (-10 - 6) - 12.
-8
Evaluate (16 - (0 + 0)) + -2 + -3.
11
Evaluate -3 + 3 + -21 + 0 + 11.
-10
Evaluate (26 - -3 - 51) + 23.
1
What is 3 + -19 + -4 + 8 + -5 + 0?
-17
Calculate (5 - 2) + 10 - -4.
17
What is -20 - (4 + -11 + -4) - -24?
15
What is the value of -1 + 2 - (-9 - -28 - (0 - -9))?
-9
Calculate (27 - 33) + 8 + -1.
1
-13 - (2 + -4 + -77 + 75)
-9
Calculate -5 - ((-1 - -10) + 12 + -31).
5
Evaluate -10 + 6 + (13 - 6).
3
10 - ((30 - 35) + 34)
-19
What is -2 + (8 - -12) - 14?
4
(1 - 4) + 3 + -8 - (-170 + 168)
-6
What is the value of -3 - ((-2 - (0 - -4)) + -1)?
4
-17 + 7 + -4 - -9 - -3
-2
17 - (1 - -1) - (-11 + 22)
4
3 - (7 + 3 + -13 - (-4 - 17))
-15
Calculate (9 - 20) + 12 + 0 + -2 + 1.
0
(-9 - (14 - 13)) + 10
0
4 - (-2 - (-3 - ((-5 - -11) + -14)))
11
Evaluate 0 + -1 + 5 - ((-39 - -29) + 13).
1
What is 11 + (-13 - 3) - (27 + 3 - -1)?
-36
Calculate (41 + -51 - (5 - 6)) + 3.
-6
Evaluate -21 + (3 - 9) + 12.
-15
27 - 17 - 10 - (2 + 0 + 1)
-3
14 + 4 + (-15 - (8 + -11)) + 2
8
What is the value of (-8 - 3 - -25) + -10?
4
What is the value of -18 + 17 - (-4 + (-8 + -1 - 0))?
12
(-5 + (-8 - -8) - (0 + 9)) + 5
-9
Evaluate (-18 - -27) + (0 - -8) - 8.
9
Evaluate -17 - -5 - (-19 - 2 - -9).
0
What is 3 + (-2 - (-15 - (-7 - (-1 + -1))))?
11
What is the value of 35 - (-2 + (2 - -24))?
11
What is the value of (-16 + -10 - -74) + -30?
18
What is 14 + (-15 - (-14 + 12)) + -5?
-4
What is -7 - (3 - ((10 - 2) + -2))?
-4
What is 0 + -2 + (-8 + 13 - 16)?
-13
(2 - (8 + -1)) + (80 - 86)
-11
What is 23 - (31 + -66 - -40)?
18
What is 12 + (-3 + 0 - 6 - -2) - -24?
29
What is (0 - 4) + (-16 - (-19 - (-23 + 12)))?
-12
What is the value of (11 - -9 - 19) + -9 + -2 + 1?
-9
Evaluate (20 - (16 - 11)) + 4 - 46.
-27
What is the value of (11 + 0 + -4 - -1) + 11?
19
What is the value of (-4 - (-36 + 26)) + (-10 - -1) + 28?
25
Calculate (-6 - -2) + 7 + -13.
-10
Calculate -11 - (-3 + 2) - -32.
22
Calculate -5 - -1 - (-16 + 28 - 4).
-12
Evaluate 6 + (5 - (-2 + -8)) + -17.
4
What is the value of (3 - 16) + 19 + -8?
-2
Evaluate -65 + 71 + (-20 - (-2 - 0)).
-12
What is the value of 20 - ((-4 - 0) + 31)?
-7
-2 + (1 + 0 - (24 - 22) - 4)
-7
What is 2 - 20 - -34 - 17?
-1
What is -30 + (22 + -38 - -20)?
-26
What is (97 - 92) + 0 + -1?
4
What is -5 + -2 + ((-3 - -3) + 5 - -6)?
4
What is the value of -16 + (2 + -2 - -8)?
-8
What is (6 - ((12 - 0) + -4)) + 6 + -5?
-1
What is the value of -11 + 17 + (4 - (-10 + -3))?
23
36 + (4 - 26) + -36
-22
(0 - (-1 + -2) - (9 + -5)) + 5
4
Evaluate -13 + (10 - ((9 - 2) + -8)).
-2
What is -1 - (18 - -2) - (35 - 12 - 29)?
-15
(-105 - -124) + (3 - 13)
9
What is -13 + (-12 - (6 - 25))?
-6
Calculate -13 + -2 - (-102 + (37 - -25)).
25
7 + (-20 + 10 - -20) + -8
9
What is (-7 - -14) + -2 - 9 - (10 + -4)?
-10
Evaluate -2 - (-6 + (2 - -4)) - -7.
5
Evaluate -10 - -5 - ((0 - -10) + -23 + 18).
-10
-586 + 577 + 12 + 0 + 0
3
Evaluate -1 - (3 + -3 + 1) - (-1735 + 1730).
3
What is (-26 - (-43 - -21)) + 13?
9
Evaluate 1 + -6 + 22 + 3.
20
Calculate 4 + (52 - 57 - (0 - 3 - 3)).
5
What is 1 + 6 + -1 + (-11 - -8)?
3
(1 - (-12 + 0 + 11)) + -9
-7
Calculate 15 + 14 + -16 - 9.
4
What is the value of (2 - 1) + (-5 - ((-7 - 10) + 12))?
1
-8 + 6 + -11 + 5 + 9
1
Evaluate 2 + -9 + -17 + 10 + 3 + 4.
-7
What is the value of -10 + (119 + -128 - (-2 + -1) - 8)?
-24
28 - (14 - -7) - 4
3
Evaluate 17 - (14 - -14) - (-5 + -8).
2
What is the value of (5 - 0 - 8) + 72 + -104?
-35
2 - (-2 - -2) - (555 - 566)
13
What is the value of 14 + 3 + -8 + -2 + 8?
15
What is the value of -230 - -222 - (-7 - (0 - (3 - 2)))?
-2
-3 - (7 + -11 + -2)
3
Evaluate -1 - (-30 + 38 - (6 - 1)).
-4
(